{"id":635,"date":"2025-05-28T23:11:41","date_gmt":"2025-05-28T21:11:41","guid":{"rendered":"http:\/\/34.148.194.40\/?page_id=635"},"modified":"2025-05-28T23:11:41","modified_gmt":"2025-05-28T21:11:41","slug":"conocenos","status":"publish","type":"page","link":"https:\/\/servicios.unicomer.com\/lacuracaonline\/conocenos\/","title":{"rendered":"Con\u00f3cenos"},"content":{"rendered":"\t\t<div data-elementor-type=\"wp-page\" data-elementor-id=\"635\" class=\"elementor elementor-635\" data-elementor-post-type=\"page\">\n\t\t\t\t<div class=\"elementor-element elementor-element-1e30bb11 e-flex e-con-boxed rael-particle-no e-con e-parent\" data-id=\"1e30bb11\" data-element_type=\"container\" data-e-type=\"container\" data-settings=\"{&quot;rae_animations_entrance&quot;:&quot;none&quot;}\">\n\t\t\t\t\t<div class=\"e-con-inner\">\n\t\t<div class=\"elementor-element elementor-element-dbe0ce1 e-con-full e-flex rael-particle-no e-con e-child\" data-id=\"dbe0ce1\" data-element_type=\"container\" data-e-type=\"container\" data-settings=\"{&quot;rae_animations_entrance&quot;:&quot;none&quot;}\">\n\t\t\t\t<div class=\"elementor-element elementor-element-71c3acc elementor-widget elementor-widget-image\" data-id=\"71c3acc\" data-element_type=\"widget\" data-e-type=\"widget\" data-widget_type=\"image.default\">\n\t\t\t\t<div class=\"elementor-widget-container\">\n\t\t\t\t\t\t\t\t\t\t\t\t\t\t\t<img fetchpriority=\"high\" decoding=\"async\" width=\"640\" height=\"116\" src=\"https:\/\/servicios.unicomer.com\/lacuracaonline\/wp-content\/uploads\/sites\/2\/2025\/05\/Historia_LaCuracao.webp\" class=\"attachment-large size-large wp-image-636\" alt=\"\" srcset=\"https:\/\/servicios.unicomer.com\/lacuracaonline\/wp-content\/uploads\/sites\/2\/2025\/05\/Historia_LaCuracao.webp 1016w, https:\/\/servicios.unicomer.com\/lacuracaonline\/wp-content\/uploads\/sites\/2\/2025\/05\/Historia_LaCuracao-300x54.webp 300w, https:\/\/servicios.unicomer.com\/lacuracaonline\/wp-content\/uploads\/sites\/2\/2025\/05\/Historia_LaCuracao-768x139.webp 768w\" sizes=\"(max-width: 640px) 100vw, 640px\" \/>\t\t\t\t\t\t\t\t\t\t\t\t\t\t\t<\/div>\n\t\t\t\t<\/div>\n\t\t\t\t<div class=\"elementor-element elementor-element-ac18d2f elementor-widget elementor-widget-heading\" data-id=\"ac18d2f\" data-element_type=\"widget\" data-e-type=\"widget\" data-widget_type=\"heading.default\">\n\t\t\t\t<div class=\"elementor-widget-container\">\n\t\t\t\t\t<h2 class=\"elementor-heading-title elementor-size-default\">La Curacao en la historia<\/h2>\t\t\t\t<\/div>\n\t\t\t\t<\/div>\n\t\t\t\t<div class=\"elementor-element elementor-element-e57e1f7 elementor-widget elementor-widget-text-editor\" data-id=\"e57e1f7\" data-element_type=\"widget\" data-e-type=\"widget\" data-widget_type=\"text-editor.default\">\n\t\t\t\t<div class=\"elementor-widget-container\">\n\t\t\t\t\t\t\t\t\t<h3 class=\"history-subtitle\"><span style=\"color: #000000;\">Los principios de La Curacao<\/span><\/h3>\n<p class=\"history-content-text\">A finales del siglo XIX, La Curacao fue fundada bajo el nombre Sociedad de Comercio e Industria de Curacao, la cual se dedicaba a la explotaci\u00f3n de puertos en la isla del mismo nombre. Fue rebautizada en 1911 como Curacao Trading Company, CETECO, dedicada a la venta de productos para el hogar y algunos insumos agr\u00edcolas. En 1945, La Curacao cambia su estrategia de venta y pas\u00f3 del rubro de insumos agr\u00edcolas al de electrodom\u00e9sticos al detalle. Por tal motivo, se abrieron las primeras tiendas bajo el nombre comercial de Curacao Trading Company, lo que permiti\u00f3 un r\u00e1pido crecimiento en Centroam\u00e9rica.<\/p>\n<p class=\"history-content-text\">En el a\u00f1o 2000 con la consolidaci\u00f3n se fortaleci\u00f3 su operaci\u00f3n en pa\u00edses como Guatemala, El Salvador, Honduras, Nicaragua y luego en Rep\u00fablica Dominicana. En el 2004, se abrieron dos sucursales en una de las principales ciudades con presencia latina en Estados Unidos: Houston; ocupando el nombre de Uni\u00f3n Comercial de Centroam\u00e9rica, UNICOMER. La Curacao expande sus servicios en Octubre de 2005 innovando con \u00d3pticas La Curacao en Guatemala. En Febrero de 2006 esta misma se apertura en El Salvador, seguida por Nicaragua en Octubre del mismo a\u00f1o. \u00d3pticas La Curacao tiene como fin brindarles a sus clientes facilidades de pago en lentes y aros para anteojos de sol y de vista; as\u00ed como consultas oculares con especialistas y maquinaria de la m\u00e1s avanzada tecnolog\u00eda.<\/p>\n<p class=\"history-content-text\">Los centroamericanos identifican a la empresa por su logo y sus colores, adem\u00e1s de su famoso personaje \u00abFacilito\u00bb, quien naci\u00f3 gracias a un vendedor que mantuvo siempre como promesa b\u00e1sica para sus clientes \u00abFacilito se lo vendo, facilito se lo lleva, facilito lo compra\u00bb. Se cuenta con 160 sucursales de la cadena. La Curacao se coloc\u00f3 entonces en los primeros lugares en la preferencia comercial. Todo esto gracias a que ofrece a sus clientes beneficios extras que le brindan seguridad y facilidad en su compra,entre los que se destacan cr\u00e9dito instant\u00e1neo, entrega gratis, garant\u00eda adicional y servicio de mantenimiento para los productos adquiridos en los almacenes de la compa\u00f1\u00eda.<\/p>\n<p class=\"more-about-us\">Conoce m\u00e1s de nosotros<\/p>\n<p class=\"more-about-us-link\">Ingresa a\u00a0<a href=\"https:\/\/grupounicomer.com\/\">www.grupounicomer.com<\/a><\/p>\t\t\t\t\t\t\t\t<\/div>\n\t\t\t\t<\/div>\n\t\t\t\t<div class=\"elementor-element elementor-element-fb3cbce elementor-widget elementor-widget-image\" data-id=\"fb3cbce\" data-element_type=\"widget\" data-e-type=\"widget\" data-widget_type=\"image.default\">\n\t\t\t\t<div class=\"elementor-widget-container\">\n\t\t\t\t\t\t\t\t\t\t\t\t\t\t\t<img loading=\"lazy\" decoding=\"async\" width=\"640\" height=\"603\" src=\"https:\/\/servicios.unicomer.com\/lacuracaonline\/wp-content\/uploads\/sites\/2\/2025\/05\/facilitos_logos_2022.webp\" class=\"attachment-large size-large wp-image-637\" alt=\"\" srcset=\"https:\/\/servicios.unicomer.com\/lacuracaonline\/wp-content\/uploads\/sites\/2\/2025\/05\/facilitos_logos_2022.webp 828w, https:\/\/servicios.unicomer.com\/lacuracaonline\/wp-content\/uploads\/sites\/2\/2025\/05\/facilitos_logos_2022-300x283.webp 300w, https:\/\/servicios.unicomer.com\/lacuracaonline\/wp-content\/uploads\/sites\/2\/2025\/05\/facilitos_logos_2022-768x723.webp 768w\" sizes=\"auto, (max-width: 640px) 100vw, 640px\" loading=\"lazy\" \/>\t\t\t\t\t\t\t\t\t\t\t\t\t\t\t<\/div>\n\t\t\t\t<\/div>\n\t\t\t\t<div class=\"elementor-element elementor-element-4c4607c elementor-widget elementor-widget-heading\" data-id=\"4c4607c\" data-element_type=\"widget\" data-e-type=\"widget\" data-widget_type=\"heading.default\">\n\t\t\t\t<div class=\"elementor-widget-container\">\n\t\t\t\t\t<h2 class=\"elementor-heading-title elementor-size-default\">Nuestra publicidad desde 1945<\/h2>\t\t\t\t<\/div>\n\t\t\t\t<\/div>\n\t\t\t\t<div class=\"elementor-element elementor-element-1b1257c elementor-widget elementor-widget-image\" data-id=\"1b1257c\" data-element_type=\"widget\" data-e-type=\"widget\" data-widget_type=\"image.default\">\n\t\t\t\t<div class=\"elementor-widget-container\">\n\t\t\t\t\t\t\t\t\t\t\t\t\t\t\t<img loading=\"lazy\" decoding=\"async\" width=\"576\" height=\"311\" src=\"https:\/\/servicios.unicomer.com\/lacuracaonline\/wp-content\/uploads\/sites\/2\/2025\/05\/facilito_brand.webp\" class=\"attachment-large size-large wp-image-638\" alt=\"\" srcset=\"https:\/\/servicios.unicomer.com\/lacuracaonline\/wp-content\/uploads\/sites\/2\/2025\/05\/facilito_brand.webp 576w, https:\/\/servicios.unicomer.com\/lacuracaonline\/wp-content\/uploads\/sites\/2\/2025\/05\/facilito_brand-300x162.webp 300w\" sizes=\"auto, (max-width: 576px) 100vw, 576px\" loading=\"lazy\" \/>\t\t\t\t\t\t\t\t\t\t\t\t\t\t\t<\/div>\n\t\t\t\t<\/div>\n\t\t\t\t<div class=\"elementor-element elementor-element-ff47670 elementor-widget elementor-widget-heading\" data-id=\"ff47670\" data-element_type=\"widget\" data-e-type=\"widget\" data-widget_type=\"heading.default\">\n\t\t\t\t<div class=\"elementor-widget-container\">\n\t\t\t\t\t<h2 class=\"elementor-heading-title elementor-size-default\">Sobre Grupo Unicomer\n<\/h2>\t\t\t\t<\/div>\n\t\t\t\t<\/div>\n\t\t\t\t<div class=\"elementor-element elementor-element-3b7f645 elementor-widget elementor-widget-text-editor\" data-id=\"3b7f645\" data-element_type=\"widget\" data-e-type=\"widget\" data-widget_type=\"text-editor.default\">\n\t\t\t\t<div class=\"elementor-widget-container\">\n\t\t\t\t\t\t\t\t\t<p>Grupo Unicomer naci\u00f3 en el a\u00f1o 2000, consolid\u00e1ndose como una de las multilatinas m\u00e1s importantes y l\u00edderes de la regi\u00f3n, en el negocio de retail de electrodom\u00e9sticos, muebles, \u00f3ptica, motos y servicios financieros. El Grupo est\u00e1 presente en 26 pa\u00edses y opera m\u00e1s de 1,165 tiendas con m\u00e1s de 13,700 colaboradores. Las marcas comerciales de Grupo Unicomer acercan oportunidades de bienestar a millones de clientes en Latinoam\u00e9rica y el Caribe, a trav\u00e9s de la constante innovaci\u00f3n en los productos que ofrecen, adem\u00e1s de las facilidades de financiamiento a las que todos sus clientes pueden acceder.<\/p>\n<p>Grupo Unicomer administra una cartera de cr\u00e9ditos para dos millones de clientes con pr\u00e9stamos a plazos, l\u00edneas de cr\u00e9dito, tarjetas de cr\u00e9dito, as\u00ed como otros servicios financieros. La inclusi\u00f3n financiera juega un papel importante en la visi\u00f3n de Grupo Unicomer, generando as\u00ed un crecimiento econ\u00f3mico sostenible en sus operaciones y ofreciendo soluciones a sus clientes y comunidades.<\/p>\t\t\t\t\t\t\t\t<\/div>\n\t\t\t\t<\/div>\n\t\t\t\t<\/div>\n\t\t\t\t\t<\/div>\n\t\t\t\t<\/div>\n\t\t\t\t<\/div>\n\t\t","protected":false},"excerpt":{"rendered":"<p>La Curacao en la historia Los principios de La Curacao A finales del siglo XIX, La Curacao fue fundada bajo el nombre Sociedad de Comercio e Industria de Curacao, la cual se dedicaba a la explotaci\u00f3n de puertos en la isla del mismo nombre. Fue rebautizada en 1911 como Curacao Trading Company, CETECO, dedicada a [&#038;hellip&#8230;<\/p>\n","protected":false},"author":1,"featured_media":0,"parent":0,"menu_order":0,"comment_status":"closed","ping_status":"closed","template":"","meta":{"footnotes":""},"class_list":["post-635","page","type-page","status-publish","hentry"],"_links":{"self":[{"href":"https:\/\/servicios.unicomer.com\/lacuracaonline\/wp-json\/wp\/v2\/pages\/635","targetHints":{"allow":["GET"]}}],"collection":[{"href":"https:\/\/servicios.unicomer.com\/lacuracaonline\/wp-json\/wp\/v2\/pages"}],"about":[{"href":"https:\/\/servicios.unicomer.com\/lacuracaonline\/wp-json\/wp\/v2\/types\/page"}],"author":[{"embeddable":true,"href":"https:\/\/servicios.unicomer.com\/lacuracaonline\/wp-json\/wp\/v2\/users\/1"}],"replies":[{"embeddable":true,"href":"https:\/\/servicios.unicomer.com\/lacuracaonline\/wp-json\/wp\/v2\/comments?post=635"}],"version-history":[{"count":0,"href":"https:\/\/servicios.unicomer.com\/lacuracaonline\/wp-json\/wp\/v2\/pages\/635\/revisions"}],"wp:attachment":[{"href":"https:\/\/servicios.unicomer.com\/lacuracaonline\/wp-json\/wp\/v2\/media?parent=635"}],"curies":[{"name":"wp","href":"https:\/\/api.w.org\/{rel}","templated":true}]}}