{"id":20,"date":"2025-04-08T01:05:42","date_gmt":"2025-04-07T23:05:42","guid":{"rendered":"http:\/\/lacuracaonline.test\/?page_id=20"},"modified":"2025-08-21T23:03:33","modified_gmt":"2025-08-21T21:03:33","slug":"devoluciones-y-cambios","status":"publish","type":"page","link":"https:\/\/servicios.unicomer.com\/lacuracaonline\/devoluciones-y-cambios\/","title":{"rendered":"Devoluciones y cambios"},"content":{"rendered":"\t\t<div data-elementor-type=\"wp-page\" data-elementor-id=\"20\" class=\"elementor elementor-20\" data-elementor-post-type=\"page\">\n\t\t\t\t<div class=\"elementor-element elementor-element-7f376e0 elementor-hidden-desktop elementor-hidden-tablet elementor-hidden-mobile e-flex e-con-boxed rael-particle-no e-con e-parent\" data-id=\"7f376e0\" data-element_type=\"container\" data-e-type=\"container\" data-settings=\"{&quot;rae_animations_entrance&quot;:&quot;none&quot;}\">\n\t\t\t\t\t<div class=\"e-con-inner\">\n\t\t<div class=\"elementor-element elementor-element-ad0cdab e-con-full e-flex rael-particle-no e-con e-child\" data-id=\"ad0cdab\" data-element_type=\"container\" data-e-type=\"container\" data-settings=\"{&quot;rae_animations_entrance&quot;:&quot;none&quot;}\">\n\t\t\t\t<div class=\"elementor-element elementor-element-4572dd6 elementor-widget elementor-widget-shortcode\" data-id=\"4572dd6\" data-element_type=\"widget\" data-e-type=\"widget\" data-widget_type=\"shortcode.default\">\n\t\t\t\t<div class=\"elementor-widget-container\">\n\t\t\t\t\t\t\t<div class=\"elementor-shortcode\">    <div class=\"track-your-order\">\n        <div class=\"container\">\n            <div class=\"row\">\n                <div class=\"col-md-12 tracking-container\">\n                    <p class=\"error-tracking d-none fs-14px mb-0\">Error: El pedido es incorrecto o no se encuentra registrado. Por favor, verifica los datos o intenta nuevamente.<\/p>\n                    <p class=\"number-invoice-description d-block d-lg-none mt-1 mb-1\">N\u00b0 de Pedido o Factura<\/p>\n\n                    <form class=\"track-your-item-form row align-items-center align-items-sm-center align-items-md-center align-items-lg-center align-items-xl-end justify-content-between\" action=\"https:\/\/servicios.unicomer.com\/lacuracaonline\/wp-admin\/admin-ajax.php\" method=\"GET\">\n                        <input type=\"hidden\" name=\"first_color\" value=\"#0021C7\">\n                        <input type=\"hidden\" name=\"second_color\" value=\"#123375\">\n\n                        <div class=\"row col-12 col-lg-10 p-0\">\n                            <div class=\"col-4 col-lg-3\">\n                                <label class=\"label-country d-flex align-items-center d-none d-lg-block fw-600 mb-2\" for=\"country\">\n                                    Selecciona tu pa\u00eds\n                                <\/label>\n                                <select class=\"select-country\" name=\"country\">\n                                                                            <option value=\"SV\"  selected='selected'>El Salvador<\/option>\n                                                                            <option value=\"GT\" >Guatemala<\/option>\n                                                                            <option value=\"HN\" >Honduras<\/option>\n                                                                            <option value=\"NI\" >Nicaragua<\/option>\n                                                                    <\/select>\n                            <\/div>\n                            <div class=\"col-8 col-lg\">\n                                <label class=\"label-order-number d-none d-lg-block fw-600 mb-2\" for=\"order_number\">\n                                    N\u00b0 de Pedido o Factura\n                                <\/label>\n                                <input class=\"track-order-input\" type=\"text\" name=\"order_number\" required placeholder=\"xxxxxxxxxx\">\n                            <\/div>\n                        <\/div>\n                        <p class=\"indications d-block d-lg-none m-0\">Ingresa el n\u00famero de pedido y\/o factura que recibiste al momento de tu compra.<\/p>\n                        <div class=\"col-7 col-lg-2\">\n                            <button class=\"track-order-submit w-100\" style=\"background-color: #0021C7 !important;\" type=\"submit\">Buscar<\/button>\n                        <\/div>\n                    <\/form>\n                    <div class=\"row\">\n                        <div class=\"row col-12 col-lg-10 p-0\">\n                            <div class=\"col-4 col-lg-3\">\n                            <\/div>\n                            <div class=\"col-8 col-lg\">\n                                <p class=\"indications d-none d-lg-block ms-2\">Ingresa el n\u00famero de pedido y\/o factura que recibiste al momento de tu compra.<\/p>\n                            <\/div>\n                        <\/div>\n                    <\/div>\n                <\/div>\n            <\/div>\n            <div class=\"tracking-result d-none\">\n                <p class=\"my-0 fw-700\">Mi pedido: <span class=\"tracking-id tc-blue\" style=\"color: #0021C7 !important;\"><\/span><\/p>\n                <p class=\"mt-1 mb-0\">Estado:<\/p>\n                <div class=\"\" id=\"progress-steps\">\n\n                <\/div>\n            <\/div>\n        <\/div>\n    <\/div>\n\n    <div class=\"order-info bg-blue mt-4 d-none\">\n\n    <\/div>\n\n    <div class=\"track-order-details mt-4 d-none\">\n        <div class=\"container\">\n            <div class=\"row\">\n                <div class=\"col-md-4\">\n                    <p class=\"fw-700 fs-20px m-0\">Detalle del pedido<\/p>\n                    <div class=\"progress-detail-orders mh-container-30\">\n\n                    <\/div>\n                <\/div>\n                <div class=\"col-md-8\">\n                    <p class=\"fw-700 fs-20px mt-0\">Tus productos<\/p>\n                    <div class=\"progress-products-details mh-container-30\">\n                    <\/div>\n                <\/div>\n            <\/div>\n        <\/div>\n    <\/div>\n<\/div>\n\t\t\t\t\t\t<\/div>\n\t\t\t\t<\/div>\n\t\t\t\t<\/div>\n\t\t\t\t\t<\/div>\n\t\t\t\t<\/div>\n\t\t<div class=\"elementor-element elementor-element-b4a8bd1 elementor-hidden-desktop elementor-hidden-tablet elementor-hidden-mobile e-flex e-con-boxed rael-particle-no e-con e-parent\" data-id=\"b4a8bd1\" data-element_type=\"container\" data-e-type=\"container\" data-settings=\"{&quot;rae_animations_entrance&quot;:&quot;none&quot;}\">\n\t\t\t\t\t<div class=\"e-con-inner\">\n\t\t<div class=\"elementor-element elementor-element-7840b5b e-con-full e-flex rael-particle-no e-con e-child\" data-id=\"7840b5b\" data-element_type=\"container\" data-e-type=\"container\" data-settings=\"{&quot;background_background&quot;:&quot;classic&quot;,&quot;rae_animations_entrance&quot;:&quot;none&quot;}\">\n\t\t\t\t<div class=\"elementor-element elementor-element-e8ede0e elementor-widget elementor-widget-heading\" data-id=\"e8ede0e\" data-element_type=\"widget\" data-e-type=\"widget\" data-widget_type=\"heading.default\">\n\t\t\t\t<div class=\"elementor-widget-container\">\n\t\t\t\t\t<h2 class=\"elementor-heading-title elementor-size-default\">Preguntas frecuentes<\/h2>\t\t\t\t<\/div>\n\t\t\t\t<\/div>\n\t\t\t\t<div class=\"elementor-element elementor-element-a22ff06 align-at-right rael-faq-box-layout-yes elementor-widget elementor-widget-rael-faq\" data-id=\"a22ff06\" data-element_type=\"widget\" data-e-type=\"widget\" data-widget_type=\"rael-faq.default\">\n\t\t\t\t<div class=\"elementor-widget-container\">\n\t\t\t\t\t\n\t\t<div id='rael-faq-wrapper-170' class=\"rael-faq-wrapper\">\n\t\t\t<div class=\"rael-faq-container rael-faq-layout-accordion\" data-layout=\"accordion\">\n\t\t\t\t\t\t\t\t\t\t<div id=\"rael-accordion-ed37869\" class=\"rael-faq-accordion rael-active\" role=\"tablist\">\n\t\t\t\t\t\t\t<div class=\"rael-accordion-title\" aria-expanded=\"true\" role=\"tab\">\n\t\t\t\t\t\t\t\t<span class=\"rael-accordion-icon rael-accordion-icon-right\">\n\t\t\t\t\t\t\t\t\t<span class=\"rael-accordion-icon-closed\"><svg class=\"e-font-icon-svg e-fas-angle-right\" viewBox=\"0 0 256 512\" xmlns=\"http:\/\/www.w3.org\/2000\/svg\"><path d=\"M224.3 273l-136 136c-9.4 9.4-24.6 9.4-33.9 0l-22.6-22.6c-9.4-9.4-9.4-24.6 0-33.9l96.4-96.4-96.4-96.4c-9.4-9.4-9.4-24.6 0-33.9L54.3 103c9.4-9.4 24.6-9.4 33.9 0l136 136c9.5 9.4 9.5 24.6.1 34z\"><\/path><\/svg><\/span>\n\t\t\t\t\t\t\t\t\t<span class=\"rael-accordion-icon-opened\"><svg class=\"e-font-icon-svg e-fas-angle-up\" viewBox=\"0 0 320 512\" xmlns=\"http:\/\/www.w3.org\/2000\/svg\"><path d=\"M177 159.7l136 136c9.4 9.4 9.4 24.6 0 33.9l-22.6 22.6c-9.4 9.4-24.6 9.4-33.9 0L160 255.9l-96.4 96.4c-9.4 9.4-24.6 9.4-33.9 0L7 329.7c-9.4-9.4-9.4-24.6 0-33.9l136-136c9.4-9.5 24.6-9.5 34-.1z\"><\/path><\/svg><\/span>\n\t\t\t\t\t\t\t\t<\/span>\n\t\t\t\t\t\t\t\t<span class=\"rael-question-ed37869 rael-question-span\" tabindex=\"0\">\n\t\t\t\t\t\t\t\t\t\t\t\t\t\t\t\t\t\t\u00bfC\u00f3mo puedo saber mi n\u00famero de pedido?\t\t\t\t\t\t\t\t<\/span>\n\t\t\t\t\t\t\t<\/div>\n\t\t\t\t\t\t\t\t\t\t\t\t\t\t<div class=\"rael-accordion-content\" role=\"tabpanel\" style=\"display:block;\">\n\t\t\t\t\t\t\t\t<span>\n\n\t\t\t\t\t\t\t\t\t<span><p>Al momento de tu compra en l\u00ednea, estaremos enviandote a tu correo el n\u00famero de pedido en la confirmaci\u00f3n de compra, la cual podr\u00e1s utilizar para dar seguimiento a tus productos.<\/p><\/span>\t\t\t\t\t\t\t\t<\/span>\n\t\t\t\t\t\t\t<\/div>\n\t\t\t\t\t\t<\/div>\n\t\t\t\t\t\t\t\t\t\t<div id=\"rael-accordion-fdb1d75\" class=\"rael-faq-accordion rael-active\" role=\"tablist\">\n\t\t\t\t\t\t\t<div class=\"rael-accordion-title\" aria-expanded=\"true\" role=\"tab\">\n\t\t\t\t\t\t\t\t<span class=\"rael-accordion-icon rael-accordion-icon-right\">\n\t\t\t\t\t\t\t\t\t<span class=\"rael-accordion-icon-closed\"><svg class=\"e-font-icon-svg e-fas-angle-right\" viewBox=\"0 0 256 512\" xmlns=\"http:\/\/www.w3.org\/2000\/svg\"><path d=\"M224.3 273l-136 136c-9.4 9.4-24.6 9.4-33.9 0l-22.6-22.6c-9.4-9.4-9.4-24.6 0-33.9l96.4-96.4-96.4-96.4c-9.4-9.4-9.4-24.6 0-33.9L54.3 103c9.4-9.4 24.6-9.4 33.9 0l136 136c9.5 9.4 9.5 24.6.1 34z\"><\/path><\/svg><\/span>\n\t\t\t\t\t\t\t\t\t<span class=\"rael-accordion-icon-opened\"><svg class=\"e-font-icon-svg e-fas-angle-up\" viewBox=\"0 0 320 512\" xmlns=\"http:\/\/www.w3.org\/2000\/svg\"><path d=\"M177 159.7l136 136c9.4 9.4 9.4 24.6 0 33.9l-22.6 22.6c-9.4 9.4-24.6 9.4-33.9 0L160 255.9l-96.4 96.4c-9.4 9.4-24.6 9.4-33.9 0L7 329.7c-9.4-9.4-9.4-24.6 0-33.9l136-136c9.4-9.5 24.6-9.5 34-.1z\"><\/path><\/svg><\/span>\n\t\t\t\t\t\t\t\t<\/span>\n\t\t\t\t\t\t\t\t<span class=\"rael-question-fdb1d75 rael-question-span\" tabindex=\"0\">\n\t\t\t\t\t\t\t\t\t\t\t\t\t\t\t\t\t\tCuanto tiempo demora mi paquete en llegar hasta mi direcci\u00f3n de entrega\t\t\t\t\t\t\t\t<\/span>\n\t\t\t\t\t\t\t<\/div>\n\t\t\t\t\t\t\t\t\t\t\t\t\t\t<div class=\"rael-accordion-content\" role=\"tabpanel\" style=\"display:block;\">\n\t\t\t\t\t\t\t\t<span>\n\n\t\t\t\t\t\t\t\t\t<span>Lorem ipsum dolor sit amet, consectetur adipiscing elit, sed do eiusmod tempor incididunt ut labore et dolore magna aliqua.<\/span>\t\t\t\t\t\t\t\t<\/span>\n\t\t\t\t\t\t\t<\/div>\n\t\t\t\t\t\t<\/div>\n\t\t\t\t\t\t\t\t\t\t<div id=\"rael-accordion-059018b\" class=\"rael-faq-accordion rael-active\" role=\"tablist\">\n\t\t\t\t\t\t\t<div class=\"rael-accordion-title\" aria-expanded=\"true\" role=\"tab\">\n\t\t\t\t\t\t\t\t<span class=\"rael-accordion-icon rael-accordion-icon-right\">\n\t\t\t\t\t\t\t\t\t<span class=\"rael-accordion-icon-closed\"><svg class=\"e-font-icon-svg e-fas-angle-right\" viewBox=\"0 0 256 512\" xmlns=\"http:\/\/www.w3.org\/2000\/svg\"><path d=\"M224.3 273l-136 136c-9.4 9.4-24.6 9.4-33.9 0l-22.6-22.6c-9.4-9.4-9.4-24.6 0-33.9l96.4-96.4-96.4-96.4c-9.4-9.4-9.4-24.6 0-33.9L54.3 103c9.4-9.4 24.6-9.4 33.9 0l136 136c9.5 9.4 9.5 24.6.1 34z\"><\/path><\/svg><\/span>\n\t\t\t\t\t\t\t\t\t<span class=\"rael-accordion-icon-opened\"><svg class=\"e-font-icon-svg e-fas-angle-up\" viewBox=\"0 0 320 512\" xmlns=\"http:\/\/www.w3.org\/2000\/svg\"><path d=\"M177 159.7l136 136c9.4 9.4 9.4 24.6 0 33.9l-22.6 22.6c-9.4 9.4-24.6 9.4-33.9 0L160 255.9l-96.4 96.4c-9.4 9.4-24.6 9.4-33.9 0L7 329.7c-9.4-9.4-9.4-24.6 0-33.9l136-136c9.4-9.5 24.6-9.5 34-.1z\"><\/path><\/svg><\/span>\n\t\t\t\t\t\t\t\t<\/span>\n\t\t\t\t\t\t\t\t<span class=\"rael-question-059018b rael-question-span\" tabindex=\"0\">\n\t\t\t\t\t\t\t\t\t\t\t\t\t\t\t\t\t\tDeseo un reembolso de mi pedido \u00bfQu\u00e9 debo hacer?\t\t\t\t\t\t\t\t<\/span>\n\t\t\t\t\t\t\t<\/div>\n\t\t\t\t\t\t\t\t\t\t\t\t\t\t<div class=\"rael-accordion-content\" role=\"tabpanel\" style=\"display:block;\">\n\t\t\t\t\t\t\t\t<span>\n\n\t\t\t\t\t\t\t\t\t<span>Lorem ipsum dolor sit amet, consectetur adipiscing elit, sed do eiusmod tempor incididunt ut labore et dolore magna aliqua.<\/span>\t\t\t\t\t\t\t\t<\/span>\n\t\t\t\t\t\t\t<\/div>\n\t\t\t\t\t\t<\/div>\n\t\t\t\t\t\t\t<\/div>\n\n\t\t<\/div>\n\t\t\t\t<\/div>\n\t\t\t\t<\/div>\n\t\t\t\t<\/div>\n\t\t\t\t\t<\/div>\n\t\t\t\t<\/div>\n\t\t<div class=\"elementor-element elementor-element-8fdfe77 e-flex e-con-boxed rael-particle-no e-con e-parent\" data-id=\"8fdfe77\" data-element_type=\"container\" data-e-type=\"container\" data-settings=\"{&quot;background_background&quot;:&quot;classic&quot;,&quot;rae_animations_entrance&quot;:&quot;none&quot;}\">\n\t\t\t\t\t<div class=\"e-con-inner\">\n\t\t<div class=\"elementor-element elementor-element-58829c7 e-con-full e-flex rael-particle-no e-con e-child\" data-id=\"58829c7\" data-element_type=\"container\" data-e-type=\"container\" data-settings=\"{&quot;rae_animations_entrance&quot;:&quot;none&quot;}\">\n\t\t\t\t<div class=\"elementor-element elementor-element-0c27f05 elementor-widget elementor-widget-image\" data-id=\"0c27f05\" data-element_type=\"widget\" data-e-type=\"widget\" data-widget_type=\"image.default\">\n\t\t\t\t<div class=\"elementor-widget-container\">\n\t\t\t\t\t\t\t\t\t\t\t\t\t\t\t<img fetchpriority=\"high\" decoding=\"async\" width=\"640\" height=\"782\" src=\"https:\/\/servicios.unicomer.com\/lacuracaonline\/wp-content\/uploads\/sites\/2\/2025\/06\/Fondo_mantenimiento_mob-scaled-e1750089970981-838x1024.png\" class=\"attachment-large size-large wp-image-1457\" alt=\"\" srcset=\"https:\/\/servicios.unicomer.com\/lacuracaonline\/wp-content\/uploads\/sites\/2\/2025\/06\/Fondo_mantenimiento_mob-scaled-e1750089970981-838x1024.png 838w, https:\/\/servicios.unicomer.com\/lacuracaonline\/wp-content\/uploads\/sites\/2\/2025\/06\/Fondo_mantenimiento_mob-scaled-e1750089970981-245x300.png 245w, https:\/\/servicios.unicomer.com\/lacuracaonline\/wp-content\/uploads\/sites\/2\/2025\/06\/Fondo_mantenimiento_mob-scaled-e1750089970981-768x939.png 768w, https:\/\/servicios.unicomer.com\/lacuracaonline\/wp-content\/uploads\/sites\/2\/2025\/06\/Fondo_mantenimiento_mob-scaled-e1750089970981.png 976w\" sizes=\"(max-width: 640px) 100vw, 640px\" \/>\t\t\t\t\t\t\t\t\t\t\t\t\t\t\t<\/div>\n\t\t\t\t<\/div>\n\t\t\t\t<\/div>\n\t\t<div class=\"elementor-element elementor-element-7353b84 e-con-full e-flex rael-particle-no e-con e-child\" data-id=\"7353b84\" data-element_type=\"container\" data-e-type=\"container\" data-settings=\"{&quot;rae_animations_entrance&quot;:&quot;none&quot;}\">\n\t\t\t\t<div class=\"elementor-element elementor-element-416d30d elementor-widget elementor-widget-heading\" data-id=\"416d30d\" data-element_type=\"widget\" data-e-type=\"widget\" data-widget_type=\"heading.default\">\n\t\t\t\t<div class=\"elementor-widget-container\">\n\t\t\t\t\t<h1 class=\"elementor-heading-title elementor-size-default\">Esta p\u00e1gina se encuentra\nen mantenimiento<\/h1>\t\t\t\t<\/div>\n\t\t\t\t<\/div>\n\t\t\t\t<div class=\"elementor-element elementor-element-df8e2dd elementor-widget elementor-widget-heading\" data-id=\"df8e2dd\" data-element_type=\"widget\" data-e-type=\"widget\" data-widget_type=\"heading.default\">\n\t\t\t\t<div class=\"elementor-widget-container\">\n\t\t\t\t\t<h2 class=\"elementor-heading-title elementor-size-default\">\u00a1Perd\u00f3n por los inconvenientes!<\/h2>\t\t\t\t<\/div>\n\t\t\t\t<\/div>\n\t\t\t\t<div class=\"elementor-element elementor-element-f13eb0d elementor-widget elementor-widget-heading\" data-id=\"f13eb0d\" data-element_type=\"widget\" data-e-type=\"widget\" data-widget_type=\"heading.default\">\n\t\t\t\t<div class=\"elementor-widget-container\">\n\t\t\t\t\t<h3 class=\"elementor-heading-title elementor-size-default\">Estamos realizando&nbsp;mejoras t\u00e9cnicas&nbsp;para \nofrecerte una experiencia m\u00e1s r\u00e1pida y segura.<\/h3>\t\t\t\t<\/div>\n\t\t\t\t<\/div>\n\t\t\t\t<div class=\"elementor-element elementor-element-64359a9 elementor-widget elementor-widget-heading\" data-id=\"64359a9\" data-element_type=\"widget\" data-e-type=\"widget\" data-widget_type=\"heading.default\">\n\t\t\t\t<div class=\"elementor-widget-container\">\n\t\t\t\t\t<p class=\"elementor-heading-title elementor-size-default\">Puedes regresar a la p\u00e1gina principal <a href=\"https:\/\/servicios.unicomer.com\/lacuracaonline\/\" class=\"tc-blue\">aqu\u00ed<\/a>\u200b.<\/p>\t\t\t\t<\/div>\n\t\t\t\t<\/div>\n\t\t\t\t<\/div>\n\t\t\t\t\t<\/div>\n\t\t\t\t<\/div>\n\t\t\t\t<\/div>\n\t\t","protected":false},"excerpt":{"rendered":"<p>Preguntas frecuentes \u00bfC\u00f3mo puedo saber mi n\u00famero de pedido? Al momento de tu compra en l\u00ednea, estaremos enviandote a tu correo el n\u00famero de pedido en la confirmaci\u00f3n de compra, la cual podr\u00e1s utilizar para dar seguimiento a tus productos. Cuanto tiempo demora mi paquete en llegar hasta mi direcci\u00f3n de entrega Lorem ipsum dolor [&#038;hellip&#8230;<\/p>\n","protected":false},"author":1,"featured_media":0,"parent":0,"menu_order":0,"comment_status":"closed","ping_status":"closed","template":"","meta":{"footnotes":""},"class_list":["post-20","page","type-page","status-publish","hentry"],"_links":{"self":[{"href":"https:\/\/servicios.unicomer.com\/lacuracaonline\/wp-json\/wp\/v2\/pages\/20","targetHints":{"allow":["GET"]}}],"collection":[{"href":"https:\/\/servicios.unicomer.com\/lacuracaonline\/wp-json\/wp\/v2\/pages"}],"about":[{"href":"https:\/\/servicios.unicomer.com\/lacuracaonline\/wp-json\/wp\/v2\/types\/page"}],"author":[{"embeddable":true,"href":"https:\/\/servicios.unicomer.com\/lacuracaonline\/wp-json\/wp\/v2\/users\/1"}],"replies":[{"embeddable":true,"href":"https:\/\/servicios.unicomer.com\/lacuracaonline\/wp-json\/wp\/v2\/comments?post=20"}],"version-history":[{"count":12,"href":"https:\/\/servicios.unicomer.com\/lacuracaonline\/wp-json\/wp\/v2\/pages\/20\/revisions"}],"predecessor-version":[{"id":1654,"href":"https:\/\/servicios.unicomer.com\/lacuracaonline\/wp-json\/wp\/v2\/pages\/20\/revisions\/1654"}],"wp:attachment":[{"href":"https:\/\/servicios.unicomer.com\/lacuracaonline\/wp-json\/wp\/v2\/media?parent=20"}],"curies":[{"name":"wp","href":"https:\/\/api.w.org\/{rel}","templated":true}]}}